 of 28 and i.
14
Let w = 2073 + -1545. What is the greatest common factor of w and 33?
33
Let w be 12314/12 + 3 + 65/(-30). What is the greatest common factor of w and 13?
13
Let t be (-54)/(-5) + (-4)/5. Suppose 6*l = l + t. Let s be (-15)/(-2) - (-2)/4. Calculate the highest common divisor of l and s.
2
Let g be ((-540)/243)/(((-16)/18)/4). Calculate the greatest common divisor of 40 and g.
10
Suppose -4*o + 5*o - 11 = 0. Let y(p) = -2*p + 54. Let v be y(5). Let d = v + -11. What is the greatest common factor of d and o?
11
Suppose 867 = 5*x - 3*h, -4*x + h + 664 = 6*h. Calculate the greatest common factor of x and 9.
9
Let v = -13 + 25. Let s = v + -7. Suppose -s*k = -143 - 107. What is the greatest common factor of 75 and k?
25
Suppose 2*g - 11 = 2*p + 3, -35 = -5*g - 2*p. Let w be (-1 + -2)/(2/(-2)). Suppose 0 = -w*a + g - 1. What is the greatest common divisor of 14 and a?
2
Suppose 0 = -5*w + 10*w + 125. Let j be (-57)/(-5) - 15/w. Calculate the greatest common divisor of 6 and j.
6
Let g(a) = 55*a**3 + 2*a**2 + 4*a - 5. Let q be g(1). Calculate the highest common divisor of 119 and q.
7
Suppose -2*w = 2*g - 6*g - 310, 2*w - g = 298. What is the highest common factor of 42 and w?
21
Let r(l) = 6*l + 31. Let i be r(-12). Let x = i + 46. What is the highest common factor of 35 and x?
5
Let f = 10890 - 10884. Suppose -2*u - 12 = -3*u. What is the highest common divisor of u and f?
6
Let w(y) = 46 - 803*y**2 + 4*y - 14 + 802*y**2. Let f be w(6). What is the greatest common factor of 70 and f?
10
Suppose 13 = -5*w + 238. Suppose 0 = -3*x + 6 - 0. Suppose 3*r - 5 = x*r. Calculate the greatest common factor of r and w.
5
Let b(s) = 3*s**2 - 3*s - 7. Let u be b(5). Suppose 11*j = -u + 207. What is the greatest common factor of j and 35?
7
Suppose -5*v = z - 14, 2*v = -2*v + z + 4. Suppose 30 = k + v*u, u - 5*u - 52 = -2*k. What is the greatest common factor of k and 7?
7
Let c be 2/(-6) - 13310/(-330). What is the greatest common factor of c and 40?
40
Let b = -57 + 68. Let o = -1 + b. What is the greatest common factor of 2 and o?
2
Let m = 544 + -68. What is the greatest common divisor of 68 and m?
68
Let z = 21 + -19. Let p = z + 68. Calculate the highest common divisor of 10 and p.
10
Let d(u) = u - 10. Let b be d(11). Let g(a) = -6*a - 1. Let v be g(b). Let j be 84/(((-7)/2)/v). What is the greatest common factor of j and 24?
24
Suppose -2*h = -v + 5, -3*h - 30 = -4*v - 0*h. Let g be (-1)/((9/10)/v). Let l = g + 26. What is the highest common divisor of 32 and l?
16
Let b be (-10)/(-1*(-18)/(-81)). Let h be 2 + (-3)/9*0. Suppose 5*d = -2*i + 9 + 1, -h*d = -3*i + 15. Calculate the highest common factor of i and b.
5
Let i = -72 - -87. Suppose i + 45 = 5*u. Calculate the greatest common divisor of 3 and u.
3
Let x = -1 - -18. Let i(u) = u**3 + 0 + 2 - 6*u + 3*u - 3*u**2 - 7. Let n be i(6). What is the greatest common divisor of x and n?
17
Suppose 2 = 2*p, 0*p - 4*p - 2 = 2*v. Let t(k) = 8*k + 34. Let o be t(v). What is the highest common divisor of 4 and o?
2
Suppose 7*m - 2*z - 117 = 4*m, -78 = -2*m - 5*z. Let u = 55 - m. Calculate the greatest common factor of u and 8.
8
Let v = 3 + -1. Suppose -5*m = -3*n - 10, 0 = m - 4*n - 0 - v. Suppose -m*a + 45 = -a. What is the highest common divisor of 30 and a?
15
Let x be (-14 + 6)/(2/3). Let r be (x + 7)/(1/(-12)). What is the greatest common divisor of 24 and r?
12
Let f = 1364 - 1092. What is the greatest common factor of 408 and f?
136
Suppose 6 = -k + 8. Suppose 3*f + 32 = s + 5*f, -70 = -k*s + 2*f. What is the highest common divisor of 85 and s?
17
Suppose -5*i - 10 = 0, -4*i + 65 = 5*j + i. Calculate the highest common divisor of j and 90.
15
Let d be 3/((-113)/(-22) - 90/18). Let y(r) = -111*r - 1. Let q be y(-1). What is the highest common divisor of d and q?
22
Let t be -4*50/((4 + -3)/(-1)). What is the greatest common factor of 50 and t?
50
Let v = 67 + -59. Suppose v*k - 3*k = 110. Calculate the highest common factor of k and 33.
11
Suppose 2*j + 4*m - 1854 = 0, 0*m = 2*j + 2*m - 1862. Calculate the highest common factor of 110 and j.
55
Suppose -3*i = -f - 118, -11*i - 206 = -16*i - 3*f. What is the greatest common factor of 170 and i?
10
Suppose -4 = s, -2*f + s = -0*f - 28. Suppose 12*l = 55 + 161. Suppose 0 = l*d - 22*d + 96. Calculate the highest common factor of f and d.
12
Suppose 8*f - 41 = 135. Calculate the greatest common divisor of f and 638.
22
Let s(c) = -c**3 - 2*c**2 - 4*c + 3. Let x be s(-3). What is the highest common divisor of 228 and x?
12
Let p be (138/2)/(0 + 1). Suppose -3*y - 2*n - 2 = -12, -5*y + 2*n = 10. Suppose -c + 30 + p = y. What is the highest common factor of 9 and c?
9
Suppose 9*n + 1026 = 11*n. Suppose -2*u = -n + 29. Suppose -2*f = -6*f + 88. Calculate the highest common factor of u and f.
22
Let p = -4203 - -4225. Let c = 71 - -17. What is the highest common factor of p and c?
22
Suppose -5*h + 47 = -113. Let p = 35 - h. Suppose p*g = -g + 56. Calculate the highest common factor of 42 and g.
14
Let z(g) be the first derivative of -3*g**2/2 - 7*g + 1. Let c be z(-5). Suppose -2*b + 4 = -c. Calculate the highest common factor of 60 and b.
6
Let u = -1 + 10. Let w = -9 + u. Suppose 4*x + f - 219 = -w*x, 3*f + 153 = 3*x. What is the highest common divisor of 9 and x?
9
Let x(m) = 14*m**2 - m + 2. Let d be x(-3). Let z = d - 21. Let f = -25 - -35. Calculate the greatest common divisor of f and z.
10
Suppose 108*l + 22038 - 91698 = 0. Calculate the greatest common factor of l and 387.
129
Let p(r) = 2*r**2 + 26*r + 12. Let d be p(-13). Let o = -8 + 14. What is the highest common divisor of o and d?
6
Let j(z) = -z**2 + 9*z - 7. Let l be j(5). Let o = -372 + 489. What is the highest common divisor of l and o?
13
Let o = 132 + -54. Calculate the highest common factor of 3 and o.
3
Suppose -6 = -6*m + 12. Let j(i) = 2*i**3 + 6. Let s be j(m). What is the greatest common divisor of s and 30?
30
Suppose 4*m - 3 = -19. Let j = 59 - m. Calculate the greatest common divisor of 7 and j.
7
Let w = -758 + 770. Calculate the greatest common factor of 60 and w.
12
Let m be (-79)/(-8) + 17/136. Let l be 2/m - 1/5. Suppose -65 = -5*k - l*k. Calculate the greatest common factor of 91 and k.
13
Let l be (-1 - -3)/(-6)*-66. Let j = l - 4. Let v be j/((-3 + 2)*-1). What is the highest common factor of 12 and v?
6
Let w = 806 + -795. Calculate the greatest common factor of w and 2.
1
Let v(x) = -2*x - 8. Let n be v(-6). Let h be (-1 + -2)*180/(-27). Suppose h*j - 13*j = 84. What is the greatest common divisor of j and n?
4
Let i be (-4)/6*(-24)/(-16). Let n = i - 4. Let w be (-35)/n*48/14. Calculate the highest common divisor of 120 and w.
24
Let k = 12 - 14. Let u(v) = -2*v**3 - v**2 - v + 1. Let a be u(k). Let l = a - -13. What is the greatest common divisor of 70 and l?
14
Suppose -13 = 3*j + 56. Let d = -17 - j. Let c = -66 - -114. Calculate the greatest common factor of c and d.
6
Let p = 30 - -2. Suppose -v + p = -2*x, 17 = v - 0*x + 3*x. What is the greatest common divisor of v and 13?
13
Suppose -5*z + 2352 = 7*z. What is the greatest common factor of 4 and z?
4
Let i be 0*-2*(-4)/(-16). Suppose -p = -i*p + 130. Let b = -90 - p. What is the highest common factor of b and 4?
4
Let h(k) = -11*k - 2 - 29*k**2 + 54*k**2 - 26*k**2. Let b be h(-9). Calculate the highest common factor of b and 176.
16
Let w be ((-1)/(-2) + -1)/(3/390). Let d = w + 80. What is the greatest common divisor of 75 and d?
15
Let d(s) = s**3 + 8*s**2 + 7*s - 5. Let k be d(-6). Suppose -4*r + 7*r - 15 = 0. Calculate the greatest common factor of k and r.
5
Let y(w) = -14*w + 33. Let f be y(-28). Calculate the highest common factor of f and 17.
17
Let l be ((-204)/(-119))/((-3)/(-14)). Let a(o) = o**3 - 7*o**2 + 2*o + 10. Let q be a(l). Calculate the greatest common factor of 10 and q.
10
Let v(i) = 51*i**2 + 24*i + 83. Let y be v(-4). What is the greatest common factor of y and 73?
73
Let t be (-260)/(-4) - (-1 + (-5 - -6)). Calculate the greatest common divisor of 715 and t.
65
Suppose -5*a + i + 796 = -2*a, a = 5*i + 256. What is the greatest common divisor of a and 70?
14
Let y = -16 - -24. Suppose -563 = -21*a - 143. What is the greatest common factor of a and y?
4
Suppose -386*t + 264